{"id":125,"date":"2010-04-09T15:30:40","date_gmt":"2010-04-09T14:30:40","guid":{"rendered":"http:\/\/waffenpflege.tetra-gun.de\/gastebuch"},"modified":"2012-03-06T17:44:17","modified_gmt":"2012-03-06T16:44:17","slug":"gastebuch","status":"publish","type":"page","link":"http:\/\/waffenblog.tetra-gun.de\/?page_id=125","title":{"rendered":"G\u00e4stebuch"},"content":{"rendered":"<p>Liebe Leser, seit dem 09.04.2010 steht Ihnen <a href=\"http:\/\/tetragun.de\/tinc?key=sZ5a4XsD&amp;start=-1&amp;reverse=1\">dieses G\u00e4stebuch(klick)<\/a> f\u00fcr Ihre allgemeinen Kommentare zur Verf\u00fcgung. Kommentare zu von mir ver\u00f6ffentlichten Themen bitte nicht hier, sondern direkt auf der Themenseite\/Artikel abgeben.<\/p>\n<p>&nbsp;<\/p>\n<p>Sie k\u00f6nnen aber auch gerne hier, auf dieser Seite, einen Gru\u00df hinterlassen.<\/p>\n","protected":false},"excerpt":{"rendered":"<p>Liebe Leser, seit dem 09.04.2010 steht Ihnen dieses G\u00e4stebuch(klick) f\u00fcr Ihre allgemeinen Kommentare zur Verf\u00fcgung. Kommentare zu von mir ver\u00f6ffentlichten Themen bitte nicht hier, sondern direkt auf der Themenseite\/Artikel abgeben. &nbsp; Sie k\u00f6nnen aber auch gerne hier, auf dieser Seite, &hellip; <a href=\"http:\/\/waffenblog.tetra-gun.de\/?page_id=125\">Weiterlesen <span class=\"meta-nav\">&rarr;<\/span><\/a><\/p>\n","protected":false},"author":2,"featured_media":0,"parent":0,"menu_order":0,"comment_status":"open","ping_status":"open","template":"","meta":{"footnotes":""},"class_list":["post-125","page","type-page","status-publish","hentry"],"_links":{"self":[{"href":"http:\/\/waffenblog.tetra-gun.de\/index.php?rest_route=\/wp\/v2\/pages\/125","targetHints":{"allow":["GET"]}}],"collection":[{"href":"http:\/\/waffenblog.tetra-gun.de\/index.php?rest_route=\/wp\/v2\/pages"}],"about":[{"href":"http:\/\/waffenblog.tetra-gun.de\/index.php?rest_route=\/wp\/v2\/types\/page"}],"author":[{"embeddable":true,"href":"http:\/\/waffenblog.tetra-gun.de\/index.php?rest_route=\/wp\/v2\/users\/2"}],"replies":[{"embeddable":true,"href":"http:\/\/waffenblog.tetra-gun.de\/index.php?rest_route=%2Fwp%2Fv2%2Fcomments&post=125"}],"version-history":[{"count":2,"href":"http:\/\/waffenblog.tetra-gun.de\/index.php?rest_route=\/wp\/v2\/pages\/125\/revisions"}],"predecessor-version":[{"id":520,"href":"http:\/\/waffenblog.tetra-gun.de\/index.php?rest_route=\/wp\/v2\/pages\/125\/revisions\/520"}],"wp:attachment":[{"href":"http:\/\/waffenblog.tetra-gun.de\/index.php?rest_route=%2Fwp%2Fv2%2Fmedia&parent=125"}],"curies":[{"name":"wp","href":"https:\/\/api.w.org\/{rel}","templated":true}]}}